ose 0*y - o = -y. Calculate the highest common divisor of 4 and y.
1
Let k(r) = 2*r**2 - 7*r - 8. Let y be k(6). Let j = y - 13. What is the greatest common divisor of 1 and j?
1
Let q be (-24)/(-84) + 2/(-7). Suppose -g + 23 = 5*m - 4*m, 5*m - 15 = q. What is the highest common divisor of g and 8?
4
Let v = -212 - -345. What is the highest common divisor of v and 19?
19
Let t = -192 + 336. Suppose 176 = k + h - 5*h, -k + t = 4*h. Calculate the greatest common factor of k and 32.
32
Suppose 0*u = -3*u + 24. Suppose -4*f = -0 - u. Suppose 0 = 3*c + 3*p - 36, -5*c + 88 = -6*p + 4*p. What is the greatest common factor of f and c?
2
Let n = 10 + -7. Suppose -3*w + 9 = -9. Calculate the greatest common factor of w and n.
3
Let i(h) = 6*h - 23. Let z be i(5). What is the highest common divisor of z and 2?
1
Let s = 9 - -3. What is the greatest common factor of s and 30?
6
Let c(g) = -g**2 - 9*g - 3. Let r be c(-4). Calculate the greatest common factor of 153 and r.
17
Let o = -298 + 302. Let y = 18 + -12. What is the greatest common factor of y and o?
2
Let w = 43 - -52. Let q = w + -65. Let d be (-58)/(-3) + 2/3. What is the greatest common divisor of d and q?
10
Let k = -1 - -15. Calculate the greatest common factor of k and 7.
7
Let f be 6 + (-1 - (2 - (3 - 4))). What is the greatest common divisor of f and 2?
2
Let k(a) = 6*a + 12 + 10*a + 11*a**2 - 6*a + a**3. Let m be k(-9). Calculate the greatest common factor of 14 and m.
14
Let i = 159 - -83. Let g(d) = -19*d - 35. Let n be g(-3). What is the greatest common factor of n and i?
22
Let v = 61 - 21. What is the greatest common factor of v and 60?
20
Let r = 15 + -26. Let g be r/(-2*4/40). What is the highest common divisor of 11 and g?
11
Suppose 2*v + 3*y = 15, 5*v - y + 5*y = 34. Let p = v - -7. Calculate the highest common factor of 39 and p.
13
Let k(c) be the third derivative of -c**5/60 + 3*c**4/8 + c**3/2 - 4*c**2. Let b be k(7). Calculate the highest common factor of 187 and b.
17
Let j(d) = d**3 + 7*d**2 + 3*d - 7. Let k be j(5). Suppose 5*h - k = h. Calculate the highest common divisor of 7 and h.
7
Let y be (-20)/3*6/(-4). Suppose -y = c - 70. Calculate the highest common factor of 30 and c.
30
Let n(a) = a**2 + 4*a + 12. Let u be n(-12). What is the greatest common divisor of 27 and u?
27
Suppose -5*w - 2*x = -377, -2*x + 0*x = -5*w + 393. What is the highest common factor of 7 and w?
7
Let m = 7 - -73. Calculate the highest common divisor of 10 and m.
10
Suppose -a - 2*w + 40 = -7*w, 20 = -4*w. What is the greatest common divisor of 10 and a?
5
Let k be (228/(-18))/((-4)/18). Suppose 7*b - 4*b - k = 0. What is the greatest common factor of b and 171?
19
Let s = 9 - 0. Suppose -54 + s = -5*z. What is the highest common factor of z and 81?
9
Suppose -7*u + 35 = -14. What is the greatest common factor of u and 1?
1
Suppose -3*m = -5*u - 622, 6*u - 631 = -3*m + 2*u. Calculate the greatest common divisor of 19 and m.
19
Let z(j) = 2*j - 8. Let f be z(5). Suppose -6 + 4 = m. Let v(x) = -x**3 - 2*x**2 + 1. Let q be v(m). What is the highest common factor of q and f?
1
Suppose -4*t + 12 - 40 = 0. Let y(v) = -7*v - 7. Let n be y(t). Calculate the highest common divisor of 28 and n.
14
Let x = 49 - 17. Let k(i) = i**3 - 3*i**2 - 5*i - 1. Let t be k(5). Suppose -t = -s - 2*s. Calculate the highest common factor of x and s.
8
Let k be (-84)/(-10)*(-80)/(-24). Calculate the highest common divisor of 4 and k.
4
Suppose 0 = -41*v + 37*v + 120. What is the highest common divisor of v and 12?
6
Suppose 0*n + 4*n = 104. Calculate the highest common factor of 208 and n.
26
Suppose w + 3 = -2*b, -2*w + b + 5 = 6. Let n be -3 - w - -3 - -13. Let l be (20/n)/((-5)/(-35)). What is the greatest common factor of 50 and l?
10
Let q be (-3)/(-6)*-6 - -3. Suppose -3*a + q*a = -3. Calculate the greatest common factor of a and 5.
1
Suppose b = u - 23 + 124, 439 = 4*b + 3*u. Suppose -358 = -p - b. Suppose -3*q + 7*q = p. What is the highest common factor of 9 and q?
9
Suppose -2*w = -4*w + 5*l + 337, 0 = 5*w - 3*l - 814. Suppose -3*t + 49 = -20. What is the greatest common factor of w and t?
23
Let r = 149 - 9. Let k = 2 - 0. Suppose v + k*v - 60 = 0. Calculate the highest common factor of v and r.
20
Suppose -24 + 0 = -4*g. Calculate the highest common divisor of g and 48.
6
Let q = 124 + -4. Calculate the greatest common divisor of 15 and q.
15
Suppose -2*b = -2*g + 2, -3*g + 2*g + 7 = 2*b. Suppose 2 = k - 2*z, 2*k - k = -4*z + 20. Calculate the greatest common factor of b and k.
2
Suppose 5*a - 335 = 5*t, 3*a - t - 115 = 92. Calculate the greatest common divisor of a and 28.
14
Suppose -38 + 14 = -4*j. Let b(w) = -w - 10. Let t be b(-14). What is the greatest common divisor of j and t?
2
Let b = 95 + -28. Let o = b + -43. Suppose -3*w = -12 - o. Calculate the highest common divisor of w and 84.
12
Suppose -52 - 2 = -3*s. Let p = 38 - s. Let w be (-40)/(((-4)/(-10))/(-1)). Calculate the greatest common factor of w and p.
20
Let d(b) = 7*b**3 - b**2. Let l be d(-1). Let f be (l/(-4))/(2/3). Suppose -f*c + 165 = 15. Calculate the highest common divisor of c and 20.
10
Suppose 0 = 3*m + 9, 5*m + 9 = -2*x - 8. Let z be 8 - (-4)/(x + -1). Let v = 67 + -37. What is the highest common divisor of v and z?
6
Let d be 1/(-3)*(1 - 106). Let n be 2/6*(d + -5). Calculate the highest common divisor of n and 20.
10
Suppose 0*x = 2*y - 4*x - 80, 188 = 5*y - 4*x. What is the greatest common factor of y and 54?
18
Let l(q) = q + 8. Let d be l(-6). Suppose 0 = 3*y + d*m - m - 51, -2*m = y - 22. What is the highest common factor of 24 and y?
8
Let o = 50 + -30. Let d = 28 - o. Calculate the greatest common divisor of d and 2.
2
Let s(i) = -5*i. Let q be s(-1). Suppose -3*t + q*g + 33 = -15, 4*t - 64 = -4*g. Calculate the greatest common factor of t and 8.
8
Suppose -h + 6*h + 2*p = 1, -3*p + 4 = 5*h. Let x = 21 + -25. Let t = h - x. Calculate the greatest common factor of 12 and t.
3
Let n = -3 - -3. Let m be (n - 1)/((-5)/85). Calculate the highest common factor of m and 187.
17
Let i = 25 + -8. What is the highest common divisor of 119 and i?
17
Let v(q) = 2*q**3 - q**2 + q + 2. Let t be v(2). Suppose 4*s = 40 + t. What is the greatest common factor of s and 112?
14
Let b(h) = 11*h + 33. Let s be b(13). Calculate the highest common divisor of s and 16.
16
Let y = 7 - 3. Let j be (-2 + y)*(31 + -1). Calculate the highest common factor of 24 and j.
12
Let y(m) = -15*m**3 - m - 1. Let f be y(-1). Let d = f - 7. Suppose 0*n = 2*n - 4. Calculate the greatest common factor of n and d.
2
Let h(j) = j**3 - 10*j**2 - 12*j + 7. Let t be h(11). Let v be 99*(32/(-6))/t. Calculate the highest common factor of v and 12.
12
Let y = 123 - 51. What is the highest common factor of 9 and y?
9
Let l(w) = w + 7. Suppose r - 11 = 3*a, -r = -5*a - 0*a - 19. Let f be l(a). Calculate the highest common divisor of f and 24.
3
Suppose -7*m + 70 = -14. What is the greatest common factor of 36 and m?
12
Suppose -10*y - y = -957. What is the greatest common factor of y and 29?
29
Let d be 3 - (1 + -3)/(-2). Suppose l + 9 = 4*l + 3*b, d*b + 4 = 0. Calculate the greatest common divisor of 10 and l.
5
Let b(c) = c**2 + c + 1. Let v(f) = 135*f**2 + 90*f + 90. Let h(z) = -90*b(z) + v(z). Let s be h(-1). What is the highest common divisor of s and 9?
9
Let z(l) = -2*l - 5. Let t be z(-4). Suppose t*i - 2*i = 8. Suppose 102 = 3*w - 4*o + 2*o, -w = 4*o - 20. Calculate the highest common factor of i and w.
8
Suppose -s - 3*t - 1 = -6*t, 4*t = -5*s + 90. Suppose -4*x - s = -5*x. What is the greatest common factor of x and 28?
14
Suppose -4 = 2*f - 0*f - 4*u, f = u. Suppose -3*l = f*l - 240. What is the greatest common divisor of l and 6?
6
Suppose 0*w - 3 = 3*y + 2*w, -11 = 4*y + 5*w. Let v be (-71)/(-4) - y/(-4). Calculate the highest common divisor of v and 27.
9
Suppose 5*i = 0, 2*i + 109 - 9 = d. What is the greatest common divisor of d and 10?
10
Let r = 69 - 53. Calculate the highest common factor of r and 8.
8
Suppose -2*q - 56 = -0*q. Let o = 62 - q. Calculate the greatest common divisor of o and 9.
9
Let o be 806/30 + (-2)/(-15). Calculate the highest common factor of 3 and o.
3
Let h be 1*-381 + (-21)/7. Let v be 3 - 5/(20/h). Let r be (-4)/(-10) - (-